5325 - 5?
-112525334
In base 10, what is -27 - 162059?
-162086
In base 13, what is -3 + 1b257?
1b254
In base 6, what is 11 - 130030?
-130015
In base 2, what is 1000011010110000111 + 0?
1000011010110000111
In base 4, what is 13 - 132011102?
-132011023
In base 15, what is 6 + 1702?
1708
In base 2, what is -1101110001000 - 11000100?
-1110001001100
In base 5, what is 1344 - -10233?
12132
In base 6, what is 333321 - 1?
333320
In base 8, what is -564074 + -1?
-564075
In base 12, what is -9b - -1126?
1047
In base 3, what is 222211221 - -220?
222212211
In base 3, what is 120 + -212002211122?
-212002211002
In base 15, what is -167d + 9?
-1674
In base 2, what is 1 + 110111001001111110?
110111001001111111
In base 12, what is -3a8 - 975?
-1161
In base 9, what is -164 + -56?
-231
In base 12, what is 5 - -418b?
4194
In base 16, what is 8b2d1 - 4?
8b2cd
In base 8, what is 5 + 26306?
26313
In base 11, what is 63672 + 2?
63674
In base 8, what is -1454 - 1244?
-2720
In base 4, what is 132 - -20212?
21010
In base 7, what is 13 + -12445?
-12432
In base 15, what is -3 + 19c0?
19bc
In base 2, what is 1101100011001 - 111100100?
1100100110101
In base 5, what is 12410 - 2340?
10020
In base 8, what is -132 - -36776?
36644
In base 5, what is 4 - -1110020?
1110024
In base 4, what is -2211032 - -10?
-2211022
In base 11, what is 0 - -176816?
176816
In base 2, what is 10101001101 + 111111?
10110001100
In base 6, what is 1502521 + 2?
1502523
In base 8, what is 440 + 13?
453
In base 9, what is 6658 - 3?
6655
In base 7, what is 2 - -51330?
51332
In base 9, what is 10 - 41502?
-41482
In base 8, what is 231030 - 2?
231026
In base 4, what is -3 + 3120302?
3120233
In base 3, what is 220 + -1120202?
-1112212
In base 4, what is 3 + -3112131?
-3112122
In base 4, what is 103202012 + -32?
103201320
In base 2, what is -10001 - -110001000101110?
110001000011101
In base 12, what is 135a + 10?
136a
In base 15, what is 110 - -9b?
1ab
In base 13, what is -4c90b - -7?
-4c904
In base 6, what is -5 - -1003?
554
In base 6, what is 5 + -113130?
-113121
In base 2, what is 100 + 1101000000010?
1101000000110
In base 13, what is 16137 + 5?
1613c
In base 2, what is -10 + -11110000100?
-11110000110
In base 5, what is 2244212 - 131?
2244031
In base 11, what is 3071 + 18?
3089
In base 9, what is -1 - -274220?
274218
In base 3, what is -1120 + 2102?
212
In base 4, what is -120121 - 10?
-120131
In base 4, what is -1 - -1321212323?
1321212322
In base 13, what is a - -105b3?
105c0
In base 14, what is 61 + 235?
296
In base 15, what is b48 + 84?
bcc
In base 8, what is -20 - -22656?
22636
In base 13, what is 3220 + -c?
3211
In base 14, what is -4 - -165a0?
1659a
In base 5, what is 3 + -321141?
-321133
In base 11, what is -15 + -1a25?
-1a3a
In base 5, what is -11132 - 1?
-11133
In base 12, what is -293 - 674?
-947
In base 15, what is 562c + b?
5638
In base 15, what is a3 + -1c29?
-1b76
In base 8, what is -1 + 212562?
212561
In base 4, what is -12221 + 2333?
-3222
In base 14, what is 23c - -28a4?
2b02
In base 12, what is 52a - -4?
532
In base 4, what is -1110 - 111130?
-112300
In base 16, what is 1 + 62a6?
62a7
In base 7, what is 16 - -2535?
2554
In base 10, what is -4 - -388?
384
In base 9, what is -2184 - -6?
-2177
In base 13, what is 20763 + -11?
20752
In base 13, what is -1576397 + 1?
-1576396
In base 13, what is 24 + -12a24?
-12a00
In base 12, what is -428a7 - 0?
-428a7
In base 9, what is -1543625 - 2?
-1543627
In base 11, what is 34 - 1643a?
-16406
In base 9, what is 3 + 366868?
366872
In base 14, what is 77 - -6101?
6178
In base 7, what is -12513203 - 4?
-12513210
In base 9, what is 770 + 756?
1636
In base 13, what is -659867 - 3?
-65986a
In base 4, what is 21233 + -3022?
12211
In base 2, what is 10 - 10001001100100000011?
-10001001100100000001
In base 7, what is -3326613 + -1?
-3326614
In base 13, what is -9 + -4b82?
-4b8b
In base 8, what is -35652 - -12?
-35640
In base 3, what is 11 - -1201111120010?
1201111120021
In base 8, what is 13 + -2740?
-2725
In base 12, what is 54a9a + 1?
54a9b
In base 16, what is -31cb + 0?
-31cb
In base 6, what is 11254032 - 5?
11254023
In base 12, what is 2b4 + -68?
248
In base 9, what is 27 + -154816?
-154778
In base 10, what is 0 + -5563?
-5563
In base 10, what is -3 - -67886?
67883
In base 4, what is -11 - -200320210?
200320133
In base 12, what is -27814a - 3?
-278151
In base 2, what is 111001111000 - -1?
111001111001
In base 6, what is -33233 + 5?
-33224
In base 12, what is 2 - -5a46?
5a48
In base 13, what is -a89 + 120?
-969
In base 2, what is -1111101110101 - -110?
-1111101101111
In base 6, what is -550 + 2115?
1125
In base 13, what is -108ca4 + -4?
-108ca8
In base 15, what is -4b - b72?
-bbd
In base 7, what is 10436 - -152?
10621
In base 2, what is -11100001001000 + 11?
-11100001000101
In base 4, what is -1 + 232332132?
232332131
In base 12, what is -2790 + -15?
-27a5
In base 15, what is -5 + cc?
c7
In base 9, what is 8 + -3136?
-3127
In base 14, what is -d533 - -1?
-d532
In base 6, what is 42 - -130135?
130221
In base 14, what is -d81 + -d?
-d90
In base 2, what is 10001 + -10111100101?
-10111010100
In base 6, what is -3153005 + 3?
-3153002
In base 16, what is -15 - -2b0?
29b
In base 9, what is 3014 + 18?
3033
In base 10, what is 693985 + 5?
693990
In base 2, what is -10011 - -11100010001?
11011111110
In base 11, what is -1 + -38260?
-38261
In base 4, what is -3 + 1331010?
1331001
In base 7, what is 2 + 61202?
61204
In base 16, what is 2fdc3 + 1?
2fdc4
In base 7, what is -5 + 62165?
62160
In base 10, what is 17 + -663?
-646
In base 7, what is -20 - -1062301?
1062251
In base 12, what is -906 + -63?
-969
In base 2, what is 10011101 - 110010100000?
-110000000011
In base 7, what is 3 - -145022?
145025
In base 11, what is 447 + 7?
453
In base 5, what is 22 - 43221?
-43144
In base 5, what is 3330430 - -13?
3330443
In base 3, what is -1101121022202 + -11?
-1101121022220
In base 13, what is -12 - 173c?
-1751
In base 9, what is -2 + -736117?
-736120
In base 15, what is -68e - -78?
-616
In base 6, what is 4220 + 12510?
21130
In base 12, what is 25a97 + -5?
25a92
In base 5, what is 330 - 424?
-44
In base 10, what is 950 - 4?
946
In base 8, what is 13620 - 17?
13601
In base 11, what is 3 + 4019?
4021
In base 3, what is -112002110 - 1020?
-112010200
In base 2, what is 101100 - -11101111000100?
11101111110000
In base 16, what is 1 - 1a31?
-1a30
In base 6, what is -2531425 - 2?
-2531431
In base 9, what is 4 - -13017?
13022
In base 4, what is -223312302 + -112?
-223313020
In base 6, what is -11422 + 120?
-11302
In base 16, what is 2d + -ec3?
-e96
In base 6, what is -15550351 + -4?
-15550355
In base 8, what is -36240 - -6?
-36232
In base 14, what is -1c6 - -3a4?
1bc
In base 5, what is -11 + 13203102?
13203041
In base 10, what is 24409 - 10?
24399
In base 14, what is 2b882 + 0?
2b882
In base 4, what is -11 + 1032200?
1032123
In base 10, what is 14751 + 45?
14796
In base 6, what is 10111 + 2103?
12214
In base 13, what is 1c167 + 9?
1c173
In base 12, what is 50 - 51?
-1
In base 7, what is -5642 + 20?
-5622
In base 5, what is 0 + -404004?
-404004
In base 11, what is 162a2 + -28?
16275
In base 7, what is 321 + -1526?
-1205
In base 15, what is 985 - 3?
982
In base 4, what is 10202220 + 212?
10203032
In base 14, what is 3c33 - 1?
3c32
In base 7, what is 12 + -3666162?
-3666150
In base 11, what is 154 + 3654?
37a8
In base 14, what is -2 - 5bb4?
-5bb6
In base 15, what is 14d215 + 0?
14d215
In base 6, what is -3351 - -3505?
114
In base 14, what is 10243 - -3?
10246
In base 14, what is 141469b - 3?
1414698
In base 12, what is 8 - 36162?
-36156
In base 9, what is -106204 + 6?
-106187
In base 2, what is -11011000101000010 - -100?
-11011000100111110
In base 11, what is 455894 - -1?
455895
In base 10, what is -995 - -1?
-994
In base 8, what is -7270655 - 5?
-7270662
In base 2, what is 1010011101101100 + 111?
1010011101110011
In base 5, what is -40 - 1104?
-1144
In base 15, what is d7 + 352?
439
In base 14, what is 20b - 1b3?
38
In base 16, what is 6 + -158?
-152
In base 12, what is -4647 + 2b0?
-4357
In base 14, what is 2 + -378d?
-378b
In base 13, what is 8 - -4077?
4082
In base 4, what is 11012330 + 12?
11013002
In base 16, what is 6397 + -45?
6352
In base 4, what is 11020103 + 3303?
11030012
